{"id":1512,"date":"2022-01-13T19:23:04","date_gmt":"2022-01-13T19:23:04","guid":{"rendered":"https:\/\/ciencias.ens.uabc.mx\/herbario\/?page_id=1512"},"modified":"2024-11-21T02:40:11","modified_gmt":"2024-11-21T02:40:11","slug":"jardin-uabc","status":"publish","type":"page","link":"https:\/\/ciencias.ens.uabc.mx\/herbario\/jardin-uabc\/","title":{"rendered":"Jard\u00edn UABC"},"content":{"rendered":"\n<h1 class=\"has-text-align-center\">Jard\u00edn bot\u00e1nico UABC<\/h1>\n\n\n\n<hr class=\"wp-block-separator has-text-color has-background is-style-wide\" style=\"background-color:#ccd191;color:#ccd191\"\/>\n\n\n\n<div style=\"height:19px\" aria-hidden=\"true\" class=\"wp-block-spacer\"><\/div>\n\n\n\n<div class=\"wp-block-columns\">\n<div class=\"wp-block-column is-vertically-aligned-center\">\n<p><strong>Establecido en 1985 por el Dr. Jos\u00e9 Delgadillo Rodr\u00edguez como una colecci\u00f3n de plantas nativas, el ahora Jard\u00edn Bot\u00e1nico de la Universidad Aut\u00f3noma de Baja California, tiene un prop\u00f3sito did\u00e1ctico y divulgaci\u00f3n de la flora regional. Cubre una superficie aproximada de 4,500 m<strong><sup>2<\/sup><\/strong>, su principal colecci\u00f3n son algunas especies de plantas nativas de la pen\u00ednsula de Baja California, as\u00ed como un \u00e1rea con vegetaci\u00f3n nativa tipo matorral costero californiano.<\/strong> <strong>Adem\u00e1s, cuenta con otras muestras bot\u00e1nicas no nativas de M\u00e9xico y otras partes del mundo, como: agaves, suculentas africanas, arboreto (incluyendo algunos frutales).<\/strong><\/p>\n\n\n\n<p><strong>Actualmente, el jard\u00edn posee una colecci\u00f3n de 247 taxa, de los cuales 111 son ex\u00f3ticos, 77 nativos a la Pen\u00ednsula de Baja California, de los cuales 36 son end\u00e9micos.<\/strong> <strong>Los ejemplares del jard\u00edn tienen c\u00e9dulas de identificaci\u00f3n (etiquetas) con informaci\u00f3n bot\u00e1nica relevante.<\/strong><\/p>\n<\/div>\n<\/div>\n\n\n\n<h4 class=\"has-text-align-center\">Colecciones<\/h4>\n\n\n\n\n\t\t<!-- MasterSlider -->\n\t\t<div id=\"P_MS69d201df337c5\" class=\"master-slider-parent msl ms-parent-id-30\" style=\"max-width:1024px;\">\n\n\t\t\t\n\t\t\t<!-- MasterSlider Main -->\n\t\t\t<div id=\"MS69d201df337c5\" class=\"master-slider ms-skin-default\" >\n\t\t\t\t \t\t\t\t \n\t\t\t\t<div  class=\"ms-slide\" data-delay=\"3\" data-fill-mode=\"fill\"  >\n\t\t\t\t\t<img src=\"https:\/\/ciencias.ens.uabc.mx\/herbario\/wp-content\/plugins\/master-slider\/public\/assets\/css\/blank.gif\" alt=\"\" title=\"\" data-src=\"https:\/\/ciencias.ens.uabc.mx\/herbario\/wp-content\/uploads\/2021\/08\/suculantario-scaled.jpg\" \/>\n\n\t\t\t\t\t<div class=\"ms-info\"><p class=\"has-white-color has-text-color\"><span style=\"color: #000000;\"><strong>Suculentario<\/strong><\/span><\/p><p class=\"has-white-color has-text-color\"><span style=\"color: #000000;\">Colecci\u00f3n de plantas suculentas de M\u00e9xico y otras partes del mundo (principalmente \u00c1frica), muchas de estas especies comparten rasgos morfol\u00f3gicos externos debido a que comparten viven en condiciones clim\u00e1ticas similares.\u00a0Una planta suculenta es aquella que tienen \u201cjugo\u201d en hojas, tallos o ra\u00edces, formando tejidos que almacena agua que permiten que sobrevivan en h\u00e1bitats semi\u00e1ridos, \u00e1ridos o secos.\u00a0Las principales familias bot\u00e1nicas con especies suculetas: Aizoaceae, Agavaceae, Asclepiadaceae, Cactaceae, Crassulaceae, Euphorbiaceae y Liliaceae, adem\u00e1s de otras 25 familias.<\/span><\/p><\/div>\n\n\n\t<div class=\"ms-thumb\" ><div class=\"ms-tab-context\"><div class=&quot;ms-tab-context&quot;><\/div><\/div>\n<\/div>\n\t\t\t\t<\/div>\n\t\t\t\t<div  class=\"ms-slide\" data-delay=\"3\" data-fill-mode=\"fill\"  >\n\t\t\t\t\t<img src=\"https:\/\/ciencias.ens.uabc.mx\/herbario\/wp-content\/plugins\/master-slider\/public\/assets\/css\/blank.gif\" alt=\"\" title=\"\" data-src=\"https:\/\/ciencias.ens.uabc.mx\/herbario\/wp-content\/uploads\/2021\/08\/Flora-nativa1-scaled.jpg\" \/>\n\n\t\t\t\t\t<div class=\"ms-info\"><p class=\"has-white-color has-text-color\"><strong><span style=\"color: #000000;\">Flora nativa<\/span><\/strong><br \/><br \/><span style=\"color: #000000;\">Esta secci\u00f3n es la m\u00e1s antigua (1985) y conocida en el campus. Es una colecci\u00f3n\u00a0<em><strong>ex situ<\/strong><\/em>\u00a0de plantas nativas de la pen\u00ednsula de Baja California, principalmente de la regiones \u00e1ridas, semi\u00e1ridas y mediterr\u00e1neas.\u00a0 Las formas biol\u00f3gicas representativas son las suculentas, semi suculentas, carnosas (sarcocaules y sarc\u00f3filas) y subarbustos.<\/span><\/p><\/div>\n\n\n\t<div class=\"ms-thumb\" ><div class=\"ms-tab-context\"><div class=&quot;ms-tab-context&quot;><\/div><\/div>\n<\/div>\n\t\t\t\t<\/div>\n\t\t\t\t<div  class=\"ms-slide\" data-delay=\"3\" data-fill-mode=\"fill\"  >\n\t\t\t\t\t<img src=\"https:\/\/ciencias.ens.uabc.mx\/herbario\/wp-content\/plugins\/master-slider\/public\/assets\/css\/blank.gif\" alt=\"\" title=\"\" data-src=\"https:\/\/ciencias.ens.uabc.mx\/herbario\/wp-content\/uploads\/2021\/08\/Agave-shawii-goldmaniana.jpg\" \/>\n\n\t\t\t\t\t<div class=\"ms-info\"><!-- wp:heading {\"level\":4,\"textColor\":\"white\"} --><p class=\"has-white-color has-text-color\"><span style=\"color: #000000;\"><strong>Agavetum<\/strong><\/span><\/p><p><span style=\"color: #000000;\"><!-- \/wp:heading --> <!-- wp:paragraph {\"textColor\":\"white\"} --><\/span><\/p><p class=\"has-white-color has-text-color\"><span style=\"color: #000000;\">Es una colecci\u00f3n de agaves o magueyes de M\u00e9xico. El nombre cient\u00edfico de los magueyes,\u00a0<em>Agave<\/em>, proviene del lat\u00edn\u00a0<em>agavos<\/em>, que significa\u00a0<strong>magn\u00edfico, noble, ilustre, admirable<\/strong>. Pertenece a la familia Asparagaceae [=Agavaceae] con origen en el continente americano.\u00a0M\u00e9xico es el centro de diversidad del maguey: 159 especies de magueyes viven en M\u00e9xico (76% de las especies del mundo); el 71% de las especies mexicanas (111) son end\u00e9micas, es decir exclusivas de nuestro pa\u00eds.\u00a0En la pen\u00ednsula de Baja California se reconocen 16 especies y 7 subespecies\/variedades, de las cuales 22 son end\u00e9micas.<\/span><\/p><!-- \/wp:paragraph --><\/div>\n\n\n\t<div class=\"ms-thumb\" ><div class=\"ms-tab-context\"><div class=&quot;ms-tab-context&quot;><\/div><\/div>\n<\/div>\n\t\t\t\t<\/div>\n\t\t\t\t<div  class=\"ms-slide\" data-delay=\"3\" data-fill-mode=\"fill\"  >\n\t\t\t\t\t<img src=\"https:\/\/ciencias.ens.uabc.mx\/herbario\/wp-content\/plugins\/master-slider\/public\/assets\/css\/blank.gif\" alt=\"\" title=\"\" data-src=\"https:\/\/ciencias.ens.uabc.mx\/herbario\/wp-content\/uploads\/2021\/08\/Lavanda-scaled.jpg\" \/>\n\n\t\t\t\t\t<div class=\"ms-info\"><p class=\"has-white-color has-text-color\"><span style=\"color: #000000;\"><strong>Hierbas arom\u00e1ticas<\/strong><\/span><\/p><p class=\"has-white-color has-text-color\"><span style=\"color: #000000;\">Esta secci\u00f3n\u00a0est\u00e1 representada por especies de plantas de origen Mediterr\u00e9neo que tienen como caracter\u00edstica principal aromas agradables, principalmente en hojas y flores. Las familias bot\u00e1nicas m\u00e1s usadas y conocidas son Lamiaceae [=Labiatae), Apiaceae y Asteraceae incluye plantas muy conocidas por su uso medicinal y culinario, como: an\u00eds, albahaca, hierbabuena, hinojo, lavanda, menta, romero, salvia, tomillo, lavanda.<\/span><\/p><\/div>\n\n\n\t<div class=\"ms-thumb\" ><div class=\"ms-tab-context\"><div class=&quot;ms-tab-context&quot;><\/div><\/div>\n<\/div>\n\t\t\t\t<\/div>\n\t\t\t\t<div  class=\"ms-slide\" data-delay=\"3\" data-fill-mode=\"fill\"  >\n\t\t\t\t\t<img src=\"https:\/\/ciencias.ens.uabc.mx\/herbario\/wp-content\/plugins\/master-slider\/public\/assets\/css\/blank.gif\" alt=\"\" title=\"\" data-src=\"https:\/\/ciencias.ens.uabc.mx\/herbario\/wp-content\/uploads\/2021\/08\/Tomates-scaled.jpg\" \/>\n\n\t\t\t\t\t<div class=\"ms-info\"><div class=\"wp-block-columns alignwide\"><div class=\"wp-block-column\"><p class=\"has-white-color has-text-color\"><strong><span style=\"color: #000000;\">La milpa<\/span><\/strong><\/p><\/div><\/div><p class=\"has-white-color has-text-color\"><span style=\"color: #000000;\">En M\u00e9xico se denomina\u00a0<strong>Milpa<\/strong>\u00a0(del n\u00e1huatl\u00a0<em>milpan<\/em>\u00a0de\u00a0<em>milli<\/em>\u00a0\u00abparcela sembrada\u00bb y\u00a0<em>pan<\/em>\u00a0\u00abencima de\u00bb) al sistema agr\u00edcola tradicional conformado por un policultivo, es un reflejo de conocimientos, tecnolog\u00eda y pr\u00e1cticas agr\u00edcolas necesarias para obtener de la tierra y del trabajo humano, los productos para satisfacer las necesidades b\u00e1sicas de las familias campesinas. Representan una parte importante de la dieta tradicional mexicana, as\u00ed como la cosmovisi\u00f3n y soberan\u00eda alimentaria de los\u00a0agricultores.<\/span><\/p><p class=\"has-white-color has-text-color\"><span style=\"color: #000000;\">Su especie principal es el ma\u00edz, acompa\u00f1ada de diversas especies de frijol, calabazas, chiles, tomates, y muchas otras dependiendo de la regi\u00f3n, por ejemplo, la combinaci\u00f3n de ma\u00edz-frijol-calabaza se le conoce como \u00abla triada mesoamericana\u00bb.<\/span><\/p><p class=\"has-white-color has-text-color\"><span style=\"color: #000000;\">La\u00a0<strong>Milpa<\/strong>\u00a0es un patrimonio biocultural y de agrobiodiversidad de enorme valor, conservando la diversidad y conocimiento, como sabores, colores, texturas, genes, especies, etc. de muchas generaciones de agricultores de distintos pueblos.<\/span><\/p><\/div>\n\n\n\t<div class=\"ms-thumb\" ><div class=\"ms-tab-context\"><div class=&quot;ms-tab-context&quot;><\/div><\/div>\n<\/div>\n\t\t\t\t<\/div>\n\t\t\t\t<div  class=\"ms-slide\" data-delay=\"3\" data-fill-mode=\"fit\"  >\n\t\t\t\t\t<img src=\"https:\/\/ciencias.ens.uabc.mx\/herbario\/wp-content\/plugins\/master-slider\/public\/assets\/css\/blank.gif\" alt=\"\" title=\"\" data-src=\"https:\/\/ciencias.ens.uabc.mx\/herbario\/wp-content\/uploads\/2025\/01\/WhatsApp-Image-2025-01-15-at-14.36.06.jpeg\" \/>\n\n\t\t\t\t\t<div class=\"ms-info\"><div class=\"wp-block-columns alignwide\"><div class=\"wp-block-column\"><p class=\"has-white-color has-text-color\"><strong><span style=\"color: #000000;\">Arboreto<\/span><\/strong><\/p><\/div><\/div><p class=\"has-white-color has-text-color\"><span style=\"color: #000000;\">Un arboreto o arboretum (del lat\u00edn arbor\u0113tum) en un jard\u00edn bot\u00e1nico est\u00e1 representado principalmente por una colecci\u00f3n viva de \u00e1rboles, de exhibici\u00f3n, recreaci\u00f3n, conservaci\u00f3n y difundir el conocimiento bot\u00e1nico de este componente importante de la flora mundial. Estas colecciones vivas pueden ser especializadas, por ejemplo: pinetum, palmetum, etc.\u00a0\u00a0<\/span><\/p><p class=\"has-white-color has-text-color\"><span style=\"color: #000000;\">La secci\u00f3n del arboreto de la Universidad Aut\u00f3noma de Baja California, campus Punta Morro, es de exhibici\u00f3n y did\u00e1ctica, incluye tanto especies de \u00e1rboles nativos como ex\u00f3ticos.<\/span><\/p><\/div>\n\n\n\t<div class=\"ms-thumb\" ><div class=\"ms-tab-context\"><div class=&quot;ms-tab-context&quot;><\/div><\/div>\n<\/div>\n\t\t\t\t<\/div>\n\t\t\t\t<div  class=\"ms-slide\" data-delay=\"3\" data-fill-mode=\"fill\"  >\n\t\t\t\t\t<img src=\"https:\/\/ciencias.ens.uabc.mx\/herbario\/wp-content\/plugins\/master-slider\/public\/assets\/css\/blank.gif\" alt=\"Vegetaci\u00f3n UABC\" title=\"\" data-src=\"https:\/\/ciencias.ens.uabc.mx\/herbario\/wp-content\/uploads\/2021\/12\/WhatsApp-Image-2021-12-12-at-12.59.23.jpeg\" \/>\n\n\t\t\t\t\t<div class=\"ms-info\"><p class=\"alignwide has-white-color has-text-color\"><strong><span style=\"color: #000000;\">Vegetaci\u00f3n nativa<\/span><\/strong><\/p><div class=\"wp-block-column\"><p class=\"has-white-color has-text-color\"><span style=\"color: #000000;\">Esta secci\u00f3n del Jard\u00edn Bot\u00e1nico de la Universidad Aut\u00f3noma de Baja California, campus Punta Morro, muestra restos de la vegetaci\u00f3n nativa del noroeste de Baja California. Es una mezcla de matorral costero californiano y matorral costero suculento, esta \u00faltima es end\u00e9mica. En nuestra regi\u00f3n, ambos tipos de vegetaci\u00f3n han reducido su superficie original debido a las actividades humanas, tales como: urbanizaci\u00f3n, agricultura y deforestaci\u00f3n.<\/span><\/p><\/div><\/div>\n\n\n\t<div class=\"ms-thumb\" ><div class=\"ms-tab-context\"><div class=&quot;ms-tab-context&quot;><\/div><\/div>\n<\/div>\n\t\t\t\t<\/div>\n\n\t\t\t<\/div>\n\t\t\t<!-- END MasterSlider Main -->\n\n\t\t\t \n\t\t<\/div>\n\t\t<!-- END MasterSlider -->\n\n\t\t<script>\n\t\t(function ( $ ) {\n\t\t\t\"use strict\";\n\n\t\t\t$(function () {\n\t\t\t\tvar masterslider_37c5 = new MasterSlider();\n\n\t\t\t\t\/\/ slider controls\n\t\t\t\tmasterslider_37c5.control('arrows'     ,{ autohide:false, overVideo:true  });\t\t\t\tmasterslider_37c5.control('bullets'    ,{ autohide:true, overVideo:true, dir:'h', align:'bottom' , margin:10  });\n\n\t\t\t\tmasterslider_37c5.control('scrollbar'  ,{ autohide:false, overVideo:true, dir:'h', inset:true, align:'top', color:'#3D3D3D' , margin:10  , width:4 });\n\t\t\t\tmasterslider_37c5.control('slideinfo'  ,{ autohide:false, overVideo:true, dir:'v', align:'right',inset:false , margin:10  , size:250 });\n\t\t\t\t\/\/ slider setup\n\t\t\t\tmasterslider_37c5.setup(\"MS69d201df337c5\", {\n\t\t\t\t\t\twidth           : 800,\n\t\t\t\t\t\theight          : 480,\n\t\t\t\t\t\tminHeight       : 0,\n\t\t\t\t\t\tspace           : 0,\n\t\t\t\t\t\tstart           : 1,\n\t\t\t\t\t\tgrabCursor      : true,\n\t\t\t\t\t\tswipe           : true,\n\t\t\t\t\t\tmouse           : true,\n\t\t\t\t\t\tlayout          : \"boxed\",\n\t\t\t\t\t\twheel           : false,\n\t\t\t\t\t\tautoplay        : false,\n\t\t\t\t\t\tinstantStartLayers:false,\n\t\t\t\t\t\tloop            : true,\n\t\t\t\t\t\tshuffle         : false,\n\t\t\t\t\t\tpreload         : 0,\n\t\t\t\t\t\theightLimit     : true,\n\t\t\t\t\t\tautoHeight      : true,\n\t\t\t\t\t\tsmoothHeight    : true,\n\t\t\t\t\t\tendPause        : false,\n\t\t\t\t\t\toverPause       : true,\n\t\t\t\t\t\tfillMode        : \"fill\",\n\t\t\t\t\t\tcenterControls  : true,\n\t\t\t\t\t\tstartOnAppear   : false,\n\t\t\t\t\t\tlayersMode      : \"center\",\n\t\t\t\t\t\thideLayers      : false,\n\t\t\t\t\t\tfullscreenMargin: 0,\n\t\t\t\t\t\tspeed           : 20,\n\t\t\t\t\t\tdir             : \"h\",\n\t\t\t\t\t\tparallaxMode    : 'swipe',\n\t\t\t\t\t\tview            : \"basic\"\n\t\t\t\t});\n\n\t\t\t\t\n\t\t\t\twindow.masterslider_instances = window.masterslider_instances || [];\n\t\t\t\twindow.masterslider_instances.push( masterslider_37c5 );\n\t\t\t });\n\n\t\t})(jQuery);\n\t\t<\/script>\n\n\n","protected":false},"excerpt":{"rendered":"<p>Jard\u00edn bot\u00e1nico UABC Establecido en 1985 por el Dr. Jos\u00e9 Delgadillo Rodr\u00edguez como una colecci\u00f3n de plantas nativas, el ahora Jard\u00edn Bot\u00e1nico de la Universidad Aut\u00f3noma de Baja California, tiene un prop\u00f3sito did\u00e1ctico y divulgaci\u00f3n de la flora regional. Cubre una superficie aproximada de 4,500 m2, su principal colecci\u00f3n son algunas especies de plantas nativas [&hellip;]<\/p>\n","protected":false},"author":3,"featured_media":0,"parent":0,"menu_order":0,"comment_status":"closed","ping_status":"closed","template":"","meta":[],"_links":{"self":[{"href":"https:\/\/ciencias.ens.uabc.mx\/herbario\/wp-json\/wp\/v2\/pages\/1512"}],"collection":[{"href":"https:\/\/ciencias.ens.uabc.mx\/herbario\/wp-json\/wp\/v2\/pages"}],"about":[{"href":"https:\/\/ciencias.ens.uabc.mx\/herbario\/wp-json\/wp\/v2\/types\/page"}],"author":[{"embeddable":true,"href":"https:\/\/ciencias.ens.uabc.mx\/herbario\/wp-json\/wp\/v2\/users\/3"}],"replies":[{"embeddable":true,"href":"https:\/\/ciencias.ens.uabc.mx\/herbario\/wp-json\/wp\/v2\/comments?post=1512"}],"version-history":[{"count":67,"href":"https:\/\/ciencias.ens.uabc.mx\/herbario\/wp-json\/wp\/v2\/pages\/1512\/revisions"}],"predecessor-version":[{"id":2737,"href":"https:\/\/ciencias.ens.uabc.mx\/herbario\/wp-json\/wp\/v2\/pages\/1512\/revisions\/2737"}],"wp:attachment":[{"href":"https:\/\/ciencias.ens.uabc.mx\/herbario\/wp-json\/wp\/v2\/media?parent=1512"}],"curies":[{"name":"wp","href":"https:\/\/api.w.org\/{rel}","templated":true}]}}